6 + z. Let m(i) = n*p(i) - 3*s(i). Give m(-1).
-6
Let w(n) be the first derivative of n**5/20 - 5*n**4/12 - n**2 + n + 4. Let r(f) be the first derivative of w(f). What is r(5)?
-2
Let g(k) = -k**3 - 2*k**2 + 2*k. Let u be g(-3). Let a(r) = r**3 - 8*r**2 + 2*r - 8. Let z be a(8). Let q(i) = z*i - 1 + 5*i - 14*i. Give q(u).
-4
Let w(t) be the first derivative of -t**3/3 + t**2/2 - 6*t - 22. Calculate w(0).
-6
Suppose -s + 4 = 5. Let t = 3 + s. Let j(d) be the first derivative of d**4/4 - 2*d**3/3 + d**2/2 + d - 1. Determine j(t).
3
Suppose q = -3*d + 2*q - 13, -2*q - 1 = 3*d. Let o be ((-4)/d)/(-2)*-3. Let w(h) = 2*h**2 + 2 + 4*h + 2*h**o - 2*h**2. Give w(-2).
2
Let l(m) = m + 4. Suppose 0 = 3*h - 0*h - 72. Suppose 5*a - h = -4. Calculate l(a).
8
Let q(h) be the third derivative of h**5/60 + h**4/12 - 2*h**3/3 + 8*h**2. Calculate q(-5).
11
Suppose 3*b - 2*b + 5 = -f, 0 = -3*b - 3. Let p be 5 + 4/(f/3). Let u(z) = -2*z**2 + 5*z**2 + z**3 - 3*z**2 - z + 2 - 2*z**2. What is u(p)?
0
Let m be 41 + 3*6/(-9). Suppose 3*f - m = 5*p, -4*p - 13 = -3*f + 26. Let z(t) = f - 3 + t**3 + 3*t - 2*t. Calculate z(0).
10
Let x(k) = -2*k + 5. Let c = 2 + -5. Let p = c + 4. Let a be (1*5/p)/1. Give x(a).
-5
Suppose 0 = -9*f + 8*f + 2. Let c(j) = -j**2 - 3*j + 2. Determine c(f).
-8
Suppose -3*j - 3 = -0. Let w(u) = 8*u**3 - 5*u**2 + 4*u**2 - 2*u + 2*u**2 + 3*u. What is w(j)?
-8
Suppose 0 = 5*j - 4*t - 18, -5*j + 3*t = t - 14. Suppose 5*p + s = -4*s + 20, 0 = 4*p + 3*s - 17. Let i(d) = d + p - 8 - j*d. Calculate i(4).
-7
Suppose 2*b - 6*b = 0. Let k(a) = -a**3 + a**2 - 2. Let h be k(b). Let o(n) = 3*n + 1. Calculate o(h).
-5
Let m be (0*2/(-4))/(-1). Suppose 0 = -5*v - m*v + 5. Let y(l) be the first derivative of 2*l**3/3 + l**2 - l - 1. Determine y(v).
3
Let r(k) be the second derivative of -k**6/120 - k**5/60 - k**3/2 + k**2 - k. Let w(j) be the first derivative of r(j). What is w(0)?
-3
Let h(d) = -7*d - 7. Let y = -7 - -2. Let s(k) = 4*k + 4. Let u(r) = y*s(r) - 3*h(r). Determine u(4).
5
Let j(s) be the third derivative of -s**4/24 - 3*s**3/2 + 2*s**2. Let u be j(-9). Suppose u = 3*l - 4*l - 5. Let x(d) = d**3 + 4*d**2 - 5*d - 7. What is x(l)?
-7
Let g = -13 - -14. Let c(a) be the third derivative of 7*a**5/60 - a**4/12 + a**3/6 + 8*a**2. Determine c(g).
6
Let a(n) be the second derivative of -5/6*n**3 - 1/2*n**2 + 0 + 2*n. Calculate a(1).
-6
Let z(q) = -13*q + 6*q + 6*q - 1. Let u(l) = -l**2 - 9*l - 2. Let b be u(-9). What is z(b)?
1
Let p(z) be the first derivative of z**2 - z + 3. Give p(1).
1
Suppose c + 13 = 4*i + 3, -c + 6 = 4*i. Let a(p) = i + 2*p - p - 2*p. Suppose 32 = -3*w - 9*g + 4*g, -4 = -2*w + 3*g. What is a(w)?
6
Let i(w) be the first derivative of -w**3/3 - 3*w**2 + 10*w - 5. Give i(-7).
3
Let d(w) = -4*w**3 + 10*w**2 + 6*w - 2. Let k(p) = -7*p**3 + 19*p**2 + 13*p - 5. Let i(s) = -5*d(s) + 3*k(s). Let z be i(8). Let n(l) = -3*l + 2. What is n(z)?
-7
Let j(q) = -6*q. Let u(o) = -2*o**2 - 36*o - 32. Let y be u(-17). Give j(y).
-12
Let g be (3 + -2 - 1) + 5. Let y(h) = -4 - h**3 - 4*h**2 + g + 3*h**2 + 2*h + 4*h**2. Calculate y(4).
-7
Let o(r) = r - 4. Let u be o(-9). Let x = -8 - u. Let c(z) = -3*z**2 + z + 1. Let h(n) = -4*n**2 + 2*n + 1. Let q(f) = x*c(f) - 4*h(f). Calculate q(3).
1
Let m(c) = c - 37*c**2 + 36*c**2 - 5*c + 6. What is m(-6)?
-6
Let y = -8 + 9. Let g(p) be the second derivative of -p**3/6 - p**2/2 - 11*p. Determine g(y).
-2
Let z(u) = -u**2 + 7*u - 2. Let v(r) = -r + 5. Suppose q = -4*q. Suppose m + m = q. Let d be v(m). Determine z(d).
8
Let g(d) be the third derivative of -d**4/24 + d**3/3 + 18*d**2. Give g(-7).
9
Suppose -3*v + 8 = g + 3, 5*g = 2*v + 25. Let j(a) = a**3 - 4*a**2 - 6*a + 2. Determine j(g).
-3
Let j(s) = -s + 1. Let v(a) = -9*a**3 - a**2 + 3*a - 2. Let p(l) = -3*j(l) - v(l). Give p(-1).
-9
Let q(b) = -b**3 + 2*b**2 + 3*b + 1. Let o be q(3). Suppose -3*l = 4 - o. Let a(z) = 8*z - 1. Give a(l).
-9
Let k(l) = -l. Let s be k(-2). Let z(c) = s*c + 0*c - 5 - 3*c. Give z(-5).
0
Suppose -5*d = -5*o - 45, d - 19 = 5*o - 2*o. Let l = 0 - -6. Let t(s) = 0*s**2 - 7 + 0*s**2 - s**2 - l*s. Give t(o).
-2
Let i(l) = -2*l**2 - 7*l + 1. Suppose 2*q - 3*o + 7 = 0, 3*q - 4*o + 11 = -0*q. Give i(q).
-14
Let s = 123 + -127. Let g(w) = -w**3 - 4*w**2 + 4*w - 2. What is g(s)?
-18
Suppose -2*w + 1 = -3. Let u(p) = 3*p**2 + 4*p**2 - 8*p**w + p + 1. What is u(3)?
-5
Let n = 0 - 1. Let k(b) be the first derivative of -6*b**2 + 4*b**2 - 3 - b + 1. Determine k(n).
3
Let j(v) = -v**2 + v + 1. Let a(l) = -3*l**2 - l + 2. Let z(g) = a(g) - 2*j(g). What is z(-3)?
0
Let p(s) be the second derivative of -1/2*s**2 - 1/3*s**3 + 0*s**4 + 2*s + 0 - 3/10*s**5. Determine p(-1).
7
Let o(v) be the third derivative of -v**5/60 + v**4/8 + 2*v**3/3 + v**2. Let c be o(3). Let f(g) = -4*g + 5. Determine f(c).
-11
Let g(i) = 3*i - 2. Let x = -22 + 26. Calculate g(x).
10
Let z(u) = 7*u**3 + u. Let m(o) = o - 9. Let a be m(7). Let l = a + 6. Suppose -4*x = -0 + l. What is z(x)?
-8
Let y(j) = j - 5. Let i be y(5). Let q(h) be the second derivative of h + i + 0*h**3 + 1/12*h**4 - 1/2*h**2. Determine q(0).
-1
Let r(q) = 3*q + 4. Let a(x) = -4*x - 4. Let j(o) = 2*a(o) + 3*r(o). Let g(b) = 2*b**2 - 6*b - 5. Let f be g(5). Suppose 0 = y + 4*y - f. What is j(y)?
7
Let m(n) = 3*n + 3. Let o(q) = -q**2 + 5*q + 4. Let x be o(5). Suppose 0 = 2*j - 0*y - 5*y - 3, -2*j + 4*y + x = 0. Suppose w = -w - j. Calculate m(w).
-3
Let d(i) = 2*i**2 - i. Let g be d(-1). Let o(s) = 4*s - 2 + s**2 - 2*s**2 + s**g + 1 - 2. Determine o(2).
9
Let h(a) = -a - 1. Suppose b + 4*b = 30. Suppose -2*z - 2*l + b = 0, 5*z - 3*l + 6*l = 15. Suppose -z*r = 2*r - 5. Give h(r).
-2
Let y(s) = s**2 + s. Let q(t) = 7*t**2 - t + 5. Suppose 5*d - 56 = 3*d - 2*k, -4*d + 108 = 3*k. Suppose 6*r = 2*r - d. Let u(b) = r*y(b) + q(b). Give u(5).
-5
Let l = 30 + -24. Let m(i) = -i**3 + 6*i**2 - i + 4. Determine m(l).
-2
Suppose -4*j + 16 = 4. Let g(h) = 3 + h + h - j*h - 2. Give g(-1).
2
Let t(n) be the second derivative of -n**5/120 - n**4/24 - n**3/3 - 2*n. Let l(w) be the second derivative of t(w). Give l(6).
-7
Let n = 17 - 11. Suppose -2*v - n = 2*y, -y = -3*y - v - 1. Suppose -k = 3*t - y*t, 0 = -4*k - 5*t - 5. Let r(p) = -2*p + 6. What is r(k)?
-4
Let w(a) = -a**3 + 2*a**2 - 2*a - 1. Let c = 11 + -13. Let i be 3/2 + c/(-4). Calculate w(i).
-5
Let a be (-7)/(-2)*4 - 0. Let c be 38/14 - (-4)/a. Suppose 0 = 7*d - c*d. Let u(m) = m**3 - m**2 + m - 3. Give u(d).
-3
Let l(a) = 5*a - 4. Let x(j) = 6*j - 5. Let f(w) = -5*l(w) + 4*x(w). Let g be (4 - (-2)/2)*4. Suppose -n = -5*n + g. Give f(n).
-5
Let v(p) = p - 6. Let s be v(6). Suppose 0 = 3*d - 18 - s. Let y(i) = -i + 3. Give y(d).
-3
Let z(a) = -a - 1. Let h = 2 - 7. Give z(h).
4
Suppose -3*h = -5*h - 12. Let q(l) = l + 1. Let z(s) = -4*s - 4. Let k(w) = h*q(w) - z(w). Determine k(2).
-6
Suppose 4*z + 3 = z. Let n = z - -5. Let a(r) = n*r + 2*r + 3 - 7*r. Give a(0).
3
Let i be (1*10 + 0)/2. Suppose 2*p - i*f = -7, -p - 4*f = -f - 13. Suppose 5*l + 13 = 3*a, 1 = p*a - 3. Let c(r) = r**3 + 2*r**2 + 1. Calculate c(l).
1
Suppose -u + 6*u = 5. Let k = -1 + u. Let y(q) = q**2 - q + 1. Give y(k).
1
Let h(l) = -l - 1. Suppose -3*p + 12 = 3*f, 3*p - 6 = -0. Suppose 2*s - 33 = -3*c, -21 = -s - 5*c + f*c. Suppose 0*d + s = 3*d. What is h(d)?
-5
Let b(d) = -d**2 + d - 2. Let w = 5 + -2. Give b(w).
-8
Suppose -2*k - 3*k = 0. Let w be 0/(2 - k/2). Let b(s) = 7*s - 14. Let v(x) = -4*x + 7. Let i(a) = 3*b(a) + 5*v(a). Determine i(w).
-7
Let p(j) be the second derivative of -j**4/12 + 5*j**2/2 - 17*j. What is p(5)?
-20
Let p(j) = j**2 - 4*j - 3. Let n be (-4)/26 + (-1970)/(-130). Let x = 19 - n. What is p(x)?
-3
Let t(f) = -f**2 - 5*f - 2. Let s be t(-7). Let x be s/28*(-14)/4. Let y(c) = 3*c - 3. Determine y(x).
3
Suppose 16 = 5*q + 6. Let y be (6/3 - 2)*1. Let p(k) = 4*k**2 - 1 + 0*k**3 + y*k**q + 4*k + k**3. Give p(-3).
-4
Let j(m) be the first derivative of m**4/4 - 2*m**3/3 + m**2 + m + 1. Calculate j(2).
5
Let z be (-481)/91 + (-2)/(-7). Let k(s) = s**2 + 2*s - 6. Determine k(z).
9
Let v(q) = -4*q - 4. Let h(s) = s + 1. Let i(w) = -7*h(w) - 2*v(w). Let m be (-4)/8*(-4 - 0). Suppose 0 = -d - d - m. Determine i(d).
0
Let t(a) = -a. Let o(j) = -9*j**2 - 4*j - 1. Let l(p) = -